{"id":423,"date":"2025-09-24T15:13:29","date_gmt":"2025-09-24T15:13:29","guid":{"rendered":"https:\/\/lcd-a.fr\/index.php\/laura-irla\/"},"modified":"2025-09-24T15:15:05","modified_gmt":"2025-09-24T15:15:05","slug":"laura-irla","status":"publish","type":"page","link":"https:\/\/lcd-a.fr\/index.php\/laura-irla\/","title":{"rendered":"Laura IRLA"},"content":{"rendered":"\n<div class=\"wp-block-columns is-layout-flex wp-container-core-columns-is-layout-9d6595d7 wp-block-columns-is-layout-flex\">\n<div class=\"wp-block-column is-vertically-aligned-center is-layout-flow wp-block-column-is-layout-flow\" style=\"flex-basis:25%\"><\/div>\n\n\n\n<div class=\"wp-block-column is-layout-flow wp-block-column-is-layout-flow\" style=\"flex-basis:50%\">\n\n<\/div>\n\n\n\n<div class=\"wp-block-column is-vertically-aligned-center is-layout-flow wp-block-column-is-layout-flow\" style=\"flex-basis:25%\">\n\n<\/div>\n<\/div>\n\n\n\n<p class=\"has-text-align-center\">Envie de g\u00e9n\u00e9rer des opportunit\u00e9s gr\u00e2ce au digital\u2026 sans t\u2019\u00e9puiser ?<br>Ce qu\u2019il te faut, ce n\u2019est pas juste une pr\u00e9sence en ligne, c\u2019est une strat\u00e9gie align\u00e9e sur ce que tu es, fluide et\u2026 collective.<\/p>\n\n\n\n<p>Aujourd\u2019hui, r\u00e9ussir en digital, c\u2019est savoir :<br>\ud83d\udd39 Cr\u00e9er une strat\u00e9gie qui travaille pour toi<br>\ud83d\udd39 F\u00e9d\u00e9rer une \u00e9quipe autour d\u2019objectifs clairs<br>\ud83d\udd39 Co-construire avec ses clients, ses partenaires, ses collaborateurs<\/p>\n\n\n\n<p>\ud83d\udca1 Et c\u2019est l\u00e0 que j\u2019interviens :<\/p>\n\n\n\n<p>\u2705 Strat\u00e9gie social media | influence | SEO | SEA &amp; digitale sur-mesure<br>\u2705 Profils, sites &amp; contenus optimis\u00e9s (hello les algorithmes \ud83d\udc4b)<br>\u2705 Animation communautaire + engagement humain<br>\u2705 Et surtout : des ateliers d\u2019intelligence collective pour aligner les id\u00e9es, activer l\u2019\u00e9nergie du groupe\u2026 et obtenir de vrais r\u00e9sultats.<\/p>\n\n\n\n<p>\ud83d\udc4b Moi, c\u2019est Laura, fondatrice de Webylo et cr\u00e9atrice de liens (humains et digitaux).<\/p>\n\n\n\n<p>Depuis 2010, on accompagne les entreprises, les managers et les \u00e9tudiants d&rsquo;\u00e9coles de commerce locales \u00e0 :<br>\ud83d\udc49 Se structurer<br>\ud83d\udc49 Booster leur visibilit\u00e9 digitale<br>\ud83d\udc49 Et co-construire des strat\u00e9gies utiles, agiles, humaines.<\/p>\n\n\n\n<p>Form\u00e9e \u00e0 l\u2019intelligence collective, je crois fort au pouvoir du groupe. Le collectif, bien utilis\u00e9, d\u00e9cuple les id\u00e9es, d\u00e9noue les tensions, clarifie les visions.<\/p>\n\n\n\n<p>\ud83d\udcac Tu veux cr\u00e9er une strat\u00e9gie qui a du sens ?<br>Ou juste en parler autour d\u2019un caf\u00e9 ? Glisse-moi un petit message \ud83d\ude09<\/p>\n\n\n\n<p class=\"has-text-align-center\"><\/p>\n\n\n\n<h2 class=\"wp-block-heading has-text-align-center\">Contact<\/h2>\n\n\n\n<p class=\"has-text-align-center\">Mon t\u00e9l\u00e9phone : 06 18 30 47 38<br>Mon Mail : laura@webylo.fr<br>Notre site : www.webylo.fr<br>Montpellier<\/p>\n","protected":false},"excerpt":{"rendered":"<p>Envie de g\u00e9n\u00e9rer des opportunit\u00e9s gr\u00e2ce au digital\u2026 sans t\u2019\u00e9puiser ?Ce qu\u2019il te faut, ce n\u2019est pas juste une pr\u00e9sence en ligne, c\u2019est une strat\u00e9gie align\u00e9e sur ce que tu es, fluide et\u2026 collective. Aujourd\u2019hui, r\u00e9ussir en digital, c\u2019est savoir :\ud83d\udd39 Cr\u00e9er une strat\u00e9gie qui travaille pour toi\ud83d\udd39 F\u00e9d\u00e9rer une \u00e9quipe autour d\u2019objectifs clairs\ud83d\udd39 Co-construire [&hellip;]<\/p>\n","protected":false},"author":1,"featured_media":0,"parent":0,"menu_order":0,"comment_status":"closed","ping_status":"closed","template":"","meta":{"saved_in_kubio":true,"footnotes":""},"class_list":["post-423","page","type-page","status-publish","hentry"],"kubio_ai_page_context":{"short_desc":"","purpose":"general"},"_links":{"self":[{"href":"https:\/\/lcd-a.fr\/index.php\/wp-json\/wp\/v2\/pages\/423","targetHints":{"allow":["GET"]}}],"collection":[{"href":"https:\/\/lcd-a.fr\/index.php\/wp-json\/wp\/v2\/pages"}],"about":[{"href":"https:\/\/lcd-a.fr\/index.php\/wp-json\/wp\/v2\/types\/page"}],"author":[{"embeddable":true,"href":"https:\/\/lcd-a.fr\/index.php\/wp-json\/wp\/v2\/users\/1"}],"replies":[{"embeddable":true,"href":"https:\/\/lcd-a.fr\/index.php\/wp-json\/wp\/v2\/comments?post=423"}],"version-history":[{"count":1,"href":"https:\/\/lcd-a.fr\/index.php\/wp-json\/wp\/v2\/pages\/423\/revisions"}],"predecessor-version":[{"id":424,"href":"https:\/\/lcd-a.fr\/index.php\/wp-json\/wp\/v2\/pages\/423\/revisions\/424"}],"wp:attachment":[{"href":"https:\/\/lcd-a.fr\/index.php\/wp-json\/wp\/v2\/media?parent=423"}],"curies":[{"name":"wp","href":"https:\/\/api.w.org\/{rel}","templated":true}]}}