{"id":300,"date":"2025-06-30T13:58:44","date_gmt":"2025-06-30T13:58:44","guid":{"rendered":"https:\/\/lcd-a.fr\/index.php\/veronique-perlati\/"},"modified":"2025-06-30T14:21:22","modified_gmt":"2025-06-30T14:21:22","slug":"veronique-perlati","status":"publish","type":"page","link":"https:\/\/lcd-a.fr\/index.php\/veronique-perlati\/","title":{"rendered":"Veronique PERLATI"},"content":{"rendered":"\n<div class=\"wp-block-columns is-layout-flex wp-container-core-columns-is-layout-9d6595d7 wp-block-columns-is-layout-flex\">\n<div class=\"wp-block-column is-vertically-aligned-center is-layout-flow wp-block-column-is-layout-flow\" style=\"flex-basis:25%\"><\/div>\n\n\n\n<div class=\"wp-block-column is-layout-flow wp-block-column-is-layout-flow\" style=\"flex-basis:50%\">\n\n<\/div>\n\n\n\n<div class=\"wp-block-column is-vertically-aligned-center is-layout-flow wp-block-column-is-layout-flow\" style=\"flex-basis:25%\"><\/div>\n<\/div>\n\n\n\n<p class=\"has-text-align-center\">Passionn\u00e9e par le monde canin, je suis \u00e9ducatrice comportementaliste canin et pet sitter. Mon approche est bas\u00e9e sur la compr\u00e9hension et le respect des besoins de chaque chien, afin de construire une relation harmonieuse entre l animal et son humain. Que se soit pour l \u00e9ducation de votre compagnon, la r\u00e9solution de troubles comportementaux ou simplement pour des gardes de qualit\u00e9 en votre absence , je mets mes comp\u00e9tences et mon exp\u00e9rience \u00e0 votre service pour le bien \u00eatre de votre animal<\/p>\n\n\n\n<h2 class=\"wp-block-heading has-text-align-center\">Contact<\/h2>\n\n\n\n<p class=\"has-text-align-center\"><strong>perlati.veronique@sfr.fr<\/strong><br><strong>\u260e&nbsp;<\/strong>06.20.34.59.08<br>St just 34400<\/p>\n","protected":false},"excerpt":{"rendered":"<p>Passionn\u00e9e par le monde canin, je suis \u00e9ducatrice comportementaliste canin et pet sitter. Mon approche est bas\u00e9e sur la compr\u00e9hension et le respect des besoins de chaque chien, afin de construire une relation harmonieuse entre l animal et son humain. Que se soit pour l \u00e9ducation de votre compagnon, la r\u00e9solution de troubles comportementaux ou [&hellip;]<\/p>\n","protected":false},"author":1,"featured_media":0,"parent":0,"menu_order":0,"comment_status":"closed","ping_status":"closed","template":"","meta":{"saved_in_kubio":true,"footnotes":""},"class_list":["post-300","page","type-page","status-publish","hentry"],"kubio_ai_page_context":{"short_desc":"","purpose":"general"},"_links":{"self":[{"href":"https:\/\/lcd-a.fr\/index.php\/wp-json\/wp\/v2\/pages\/300","targetHints":{"allow":["GET"]}}],"collection":[{"href":"https:\/\/lcd-a.fr\/index.php\/wp-json\/wp\/v2\/pages"}],"about":[{"href":"https:\/\/lcd-a.fr\/index.php\/wp-json\/wp\/v2\/types\/page"}],"author":[{"embeddable":true,"href":"https:\/\/lcd-a.fr\/index.php\/wp-json\/wp\/v2\/users\/1"}],"replies":[{"embeddable":true,"href":"https:\/\/lcd-a.fr\/index.php\/wp-json\/wp\/v2\/comments?post=300"}],"version-history":[{"count":2,"href":"https:\/\/lcd-a.fr\/index.php\/wp-json\/wp\/v2\/pages\/300\/revisions"}],"predecessor-version":[{"id":314,"href":"https:\/\/lcd-a.fr\/index.php\/wp-json\/wp\/v2\/pages\/300\/revisions\/314"}],"wp:attachment":[{"href":"https:\/\/lcd-a.fr\/index.php\/wp-json\/wp\/v2\/media?parent=300"}],"curies":[{"name":"wp","href":"https:\/\/api.w.org\/{rel}","templated":true}]}}