{"id":110,"date":"2025-03-18T09:35:04","date_gmt":"2025-03-18T09:35:04","guid":{"rendered":"https:\/\/lcd-a.fr\/?page_id=110"},"modified":"2025-06-30T13:17:14","modified_gmt":"2025-06-30T13:17:14","slug":"nperlati","status":"publish","type":"page","link":"https:\/\/lcd-a.fr\/index.php\/nperlati\/","title":{"rendered":"Nathalie PERLATI"},"content":{"rendered":"\n<div class=\"wp-block-columns is-layout-flex wp-container-core-columns-is-layout-9d6595d7 wp-block-columns-is-layout-flex\">\n<div class=\"wp-block-column is-vertically-aligned-center is-layout-flow wp-block-column-is-layout-flow\" style=\"flex-basis:25%\"><\/div>\n\n\n\n<div class=\"wp-block-column is-layout-flow wp-block-column-is-layout-flow\" style=\"flex-basis:50%\">\n\n<\/div>\n\n\n\n<div class=\"wp-block-column is-vertically-aligned-center is-layout-flow wp-block-column-is-layout-flow\" style=\"flex-basis:25%\"><\/div>\n<\/div>\n\n\n\n<p class=\"has-text-align-center\">Niveau informatique j\u2019entends r\u00e9guli\u00e8rement ce n\u2019est pas moi c\u2019est l\u2019autre.<\/p>\n\n\n\n<p>Chez SNA nous reprenons la totalit\u00e9 du syst\u00e8me d\u2019information afin d\u2019aider nos clients \u00e0 ne plus entendre parler d\u2019informatique en n\u00e9gatif.<\/p>\n\n\n\n<p>La tendance est de condenser, simplifier, optimiser, automatiser les flux\u2026 (Un travail en amont indispensable afin d\u2019y int\u00e9grer par la suite la derni\u00e8re r\u00e9volution industrielle&nbsp;, l\u2019IA)<\/p>\n\n\n\n<p>Force de proposition, SN-Groupe c\u2019est une gamme de solutions collaboratives et de communications compl\u00e8tes internalis\u00e9e ou totalement h\u00e9berg\u00e9e, qui permet \u00e0 nos clients de rester centr\u00e9s sur leur activit\u00e9 en toute s\u00e9r\u00e9nit\u00e9 : Audit, mise \u00e0 disposition d\u2019informaticiens, une assistance hotline \u00e0 distance ou sur site, accompagnement dans la&nbsp;gestion&nbsp;des projets informatiques, des sauvegardes externalis\u00e9es, maintenance, installation et&nbsp;fourniture de mat\u00e9riel\u2026<\/p>\n\n\n\n<p>Fort de nos labels Cyber,&nbsp;nous mettons en place&nbsp;des architectures s\u00e9curis\u00e9es contre les&nbsp;cyberattaques, avec une veille monitor\u00e9e sous surveillance proactive.<\/p>\n\n\n\n<p>Nous accompagnons&nbsp;depuis 20 ans&nbsp;plus de 350 clients, plut\u00f4t des TPE, PME et collectivit\u00e9s, dans tous domaines d\u2019activit\u00e9.&nbsp;<\/p>\n\n\n\n<p>Nos diff\u00e9rences :&nbsp;SNA c\u2019est&nbsp;un&nbsp;informaticien&nbsp;unique, mais une \u00e9quipe aux talents compl\u00e9mentaires challeng\u00e9e&nbsp;et form\u00e9e aux nouvelles technologies avec un traduction technique compr\u00e9hensible.<\/p>\n\n\n\n<p>Un process qualit\u00e9 \u00e9prouv\u00e9, entour\u00e9 de partenaires historiques afin de r\u00e9pondre \u00e0 toutes demandes.<\/p>\n\n\n\n<p>Arr\u00eatons le bricolage, la s\u00e9curit\u00e9 informatique se complexifie et les sanctions \u00e9conomiques li\u00e9es sont radicales, sans parler de votre r\u00e9putation.<\/p>\n\n\n\n<p>Aujourd\u2019hui toutes les entreprises se doivent d\u2019accorder un budget informatique, montrer patte blanche en tant que fournisseurs ou sous-traitant, car les donn\u00e9es deviennent le socle d\u2019une entreprise, surtout celles de vos clients<\/p>\n\n\n\n<p>Notre strat\u00e9gie est de nous inscrire dans une relation de confiance \u00e0 long terme.<\/p>\n\n\n\n<p class=\"has-text-align-center\">Anticiper c\u2019est savoir diriger\u2026<\/p>\n\n\n\n<h2 class=\"wp-block-heading has-text-align-center\">Contact<\/h2>\n\n\n\n<p class=\"has-text-align-center\"><strong>n.perlati@sn-groupe.fr<br>\u260e&nbsp;<\/strong>06.20.28.74.12<br>Montpellier<\/p>\n\n\n\n<p><\/p>\n","protected":false},"excerpt":{"rendered":"<p>Niveau informatique j\u2019entends r\u00e9guli\u00e8rement ce n\u2019est pas moi c\u2019est l\u2019autre. Chez SNA nous reprenons la totalit\u00e9 du syst\u00e8me d\u2019information afin d\u2019aider nos clients \u00e0 ne plus entendre parler d\u2019informatique en n\u00e9gatif. La tendance est de condenser, simplifier, optimiser, automatiser les flux\u2026 (Un travail en amont indispensable afin d\u2019y int\u00e9grer par la suite la derni\u00e8re r\u00e9volution [&hellip;]<\/p>\n","protected":false},"author":1,"featured_media":0,"parent":0,"menu_order":0,"comment_status":"closed","ping_status":"closed","template":"","meta":{"saved_in_kubio":true,"footnotes":""},"class_list":["post-110","page","type-page","status-publish","hentry"],"kubio_ai_page_context":{"short_desc":"","purpose":"general"},"_links":{"self":[{"href":"https:\/\/lcd-a.fr\/index.php\/wp-json\/wp\/v2\/pages\/110","targetHints":{"allow":["GET"]}}],"collection":[{"href":"https:\/\/lcd-a.fr\/index.php\/wp-json\/wp\/v2\/pages"}],"about":[{"href":"https:\/\/lcd-a.fr\/index.php\/wp-json\/wp\/v2\/types\/page"}],"author":[{"embeddable":true,"href":"https:\/\/lcd-a.fr\/index.php\/wp-json\/wp\/v2\/users\/1"}],"replies":[{"embeddable":true,"href":"https:\/\/lcd-a.fr\/index.php\/wp-json\/wp\/v2\/comments?post=110"}],"version-history":[{"count":10,"href":"https:\/\/lcd-a.fr\/index.php\/wp-json\/wp\/v2\/pages\/110\/revisions"}],"predecessor-version":[{"id":272,"href":"https:\/\/lcd-a.fr\/index.php\/wp-json\/wp\/v2\/pages\/110\/revisions\/272"}],"wp:attachment":[{"href":"https:\/\/lcd-a.fr\/index.php\/wp-json\/wp\/v2\/media?parent=110"}],"curies":[{"name":"wp","href":"https:\/\/api.w.org\/{rel}","templated":true}]}}